ded by m?
14
Let m = 171 - 168. Suppose -m*j = -11*j + 312. Calculate the remainder when 271 is divided by j.
37
Let i(p) = -26*p - 1153. What is the remainder when i(-58) is divided by 91?
82
Let z be 50/15*(-1 - -4). Let c(b) = 2*b**2 + 35*b + 38. Calculate the remainder when c(-17) is divided by (-2)/z - 122/(-10).
9
Suppose -13*b + 1997 = -6297. Suppose 0 = -21*n - n + b. What is the remainder when 106 is divided by n?
19
Suppose 0 = 16*f + 5545 - 70681. Calculate the remainder when f is divided by 77.
67
Suppose 0 = -i - 5*i + 3870. What is the remainder when i is divided by -1 - -15 - (-19 - 5)?
37
Suppose -5*l = 2*q - 2, q - 3*l - 2*l + 14 = 0. Let k be (-1 + 2)*q/((-12)/(-3)). Calculate the remainder when 61 is divided by (7 + -5 + 2)/(k/(-4)).
13
Let v = 167 + 161. Let s = 686 - v. What is the remainder when s is divided by 72?
70
Let m(i) = i**3 + 7*i**2 - 6*i + 11. Suppose 12*j = 14*j + 14. What is the remainder when m(j) is divided by 29?
24
Let v = 27 + 36. Let q = -3 - -7. Suppose -q*r - 4*i + 51 + 81 = 0, 4*r - 132 = 5*i. Calculate the remainder when v is divided by r.
30
Let m = -93 + 523. Suppose -38 = -a - 2*g, -108 = -4*a + g + 35. What is the remainder when m is divided by a?
34
Let l = 35150 - 34464. What is the remainder when 2065 is divided by l?
7
Let x = 6 - -33. Let p = 327 + -174. What is the remainder when p is divided by x?
36
Suppose 4*j - k + 55 = 0, 0 = 3*j - 17*k + 15*k + 40. What is the remainder when 96 is divided by j/98 - 2910/(-35)?
13
Suppose -841 = -17*d + 519. Calculate the remainder when 716 is divided by d.
76
Suppose -150*p + 6*p = -19152. What is the remainder when 244 is divided by p?
111
Let j(m) = m**3 - 23*m**2 + 8*m - 42. Calculate the remainder when j(23) is divided by 12.
10
What is the remainder when ((-25)/30)/(2/12) - -212 is divided by 119?
88
Let x(f) = 27*f**2 - f - 2. Let r(l) = -68*l - 70. Let s be r(-1). What is the remainder when x(2) is divided by -3*(216/60)/(s/5)?
23
Suppose -1162 = 76*b - 69*b. Let n = 187 + b. Calculate the remainder when 22 is divided by n.
1
Suppose 2*l - 30 = -2*i, 10*i - 5 = -l + 11*i. What is the remainder when 3/3*0 + (4 - -25) is divided by l?
9
Let b(q) = 6*q**2 + 18*q - 43. Let p(m) = 6*m**2 + 18*m - 44. Let j(w) = 6*b(w) - 5*p(w). What is the remainder when 43 is divided by j(2)?
21
Let w = -2478 - -3762. Suppose -o + 5*x + 333 = 1625, w = -o + 3*x. Calculate the remainder when ((-1)/2)/(4/o) is divided by 41.
36
Suppose 0 = 143*l - 152*l + 423. Calculate the remainder when l is divided by 18.
11
Let j(a) = -6*a - 105. Let p(l) = 3*l + 5*l + 2*l - 4*l. What is the remainder when j(-23) is divided by p(2)?
9
Suppose 64*i + 157 - 61 = 1120. What is the remainder when 1353 is divided by i?
9
Suppose -30 = -12*v + 258. Calculate the remainder when (v/(-27))/4 - (-1086)/27 is divided by 17.
6
Let r(s) = s**2 + 14*s + 22. Let m be r(-12). Let k be (-508)/8 + 3/m. What is the remainder when (248/10)/((-13)/k) is divided by 25?
24
Let m(a) = 12*a**2 - 147*a. What is the remainder when m(-5) is divided by 1012?
23
Suppose 289 = 10*y + 39. What is the remainder when 81 is divided by y?
6
Let y be (2/(8/20))/1. Suppose 36 = -y*z + 11*z. Calculate the remainder when 137 is divided by ((-4)/((-60)/235))/(2/z).
43
Suppose 5*r + 124 = l, 3*l = 20 - 8. Let k be r/20*5/(-2). Suppose -y - k*y = -352. Calculate the remainder when y is divided by 30.
28
Let a = 8137 + -8119. What is the remainder when 171 is divided by a?
9
Let y(n) = -13*n + 6. Let b be y(2). Let v(d) = d**3 + 7*d**2 - 6*d - 1. What is the remainder when v(-7) is divided by 5*22/b*-4?
19
Suppose -87 = -h - 5*n, -2*h - 3*n + 99 = -68. Suppose -h = -2*r - 3*r + z, -3*r = -3*z - 54. Let g = 11 - -50. What is the remainder when g is divided by r?
13
Let v = -953 + 973. Calculate the remainder when 531 is divided by v.
11
Suppose 0 = 4*o - o + 2*v + 3, 19 = 4*o - 5*v. Let w = 73 + o. Calculate the remainder when w is divided by 33.
8
Suppose 301 = -5*x + 16. Suppose 0 = -3*h - 243 - 27. Let q = x - h. Calculate the remainder when q is divided by 13.
7
Suppose -4*k = 4*x - 2744, 5*k - 20*x = -19*x + 3454. Calculate the remainder when k is divided by 36.
6
Suppose 7*x = 11*x - 56. Suppose -15*i + 12 = -x*i. What is the remainder when 35 is divided by i?
11
Suppose -2*b - 2*b + 4*m = -40, -5*m + 22 = 4*b. Let z(c) = c**2 - 10*c + 7. Let w be z(9). Let t = b - w. Calculate the remainder when 48 is divided by t.
8
Suppose -6052 = -90*c + 56*c. What is the remainder when 468 is divided by c?
112
Let n(m) = -m**2 - 25*m - 87. Calculate the remainder when 986 is divided by n(-5).
11
Let w(b) = 5*b + 15. Let i be w(-6). Let t = i + 25. Let k(z) = z**2 - 4*z + 1. What is the remainder when k(t) is divided by 22?
17
Suppose -10*a + 1087 = -3723. Let u = a - 419. What is the remainder when u is divided by 31?
0
Suppose 28 = 5*d - m, -d - 2*m + 3 = -7. Let t = 6 - -10. Suppose 0 = d*y - 7*y + t. What is the remainder when 45 is divided by y?
13
Let k(n) = -899*n - 14. Let v be k(-1). Let b = v - 869. What is the remainder when 172 is divided by b?
12
Suppose 14*z - 70 = 0, 4*z = -16*x + 18*x - 50. Calculate the remainder when 314 is divided by x.
34
Let y(o) = 2*o**2 + 9*o - 1. Suppose -3*c = -71*z + 69*z + 146, -3*z + 222 = -4*c. Calculate the remainder when z is divided by y(-8).
27
Suppose -3*y = -14*y - 174 + 526. What is the remainder when 387 is divided by y?
3
Suppose 11*x = 7*x + 1500. Let w = -354 + x. What is the remainder when 32 is divided by w?
11
What is the remainder when (4*(-264)/55)/(15/(-2350)) is divided by 67?
60
Suppose -x + 6 = 1. Suppose -8 = o - 2*o - 3*w, 2*o - 5 = x*w. Let g(u) = -u**3 + 16*u**2 - 41*u + 28. Calculate the remainder when o is divided by g(13).
1
Let k be (-5550)/(-250) + (-1)/(6 + -1). Suppose k*j + 435 = 37*j. Calculate the remainder when 55 is divided by j.
26
Let b = -78 - -102. Suppose u + b = 93. What is the remainder when u is divided by 18?
15
Suppose -56 = -12*p + 10*p. Calculate the remainder when (-78)/2*p/(-42) is divided by 6.
2
Let d(t) = 2*t. Let p be d(2). Suppose h + 344 = r - 6*r, p*h = 5*r + 349. Let a = -2 - r. What is the remainder when a is divided by 18?
13
Let v(a) = a**3 - 4*a**2 - 5*a - 8. Let h = -24 - -24. Suppose 0*w - 6*w + 108 = h. What is the remainder when v(6) is divided by w?
16
Let n(r) = 10*r**3 + r**2 - r + 1. Suppose -16*y = -20*y + 4. Calculate the remainder when 42 is divided by n(y).
9
Let n(p) = -p**2 + 17*p - 47. Suppose -6*x = -19 - 11. Suppose 2*m = 7*a - 2*a - 62, 0 = 5*m + x. What is the remainder when n(7) is divided by a?
11
Let o = 259 + 312. Suppose 211 = 3*l + o. Let p = -83 - l. Calculate the remainder when p is divided by 10.
7
Suppose k = 5*f + 11, 0 = -f + 33 - 32. Calculate the remainder when (-18924)/(-108) + 4/(-18) is divided by k.
15
Suppose 4*j - 3*s = 4, 0 = s - 4. Calculate the remainder when (-94)/(-14) - (-16)/56 is divided by ((-60)/48)/((-1)/j).
2
Let d be (4/6)/((-12)/(-144)). Let a = 0 + d. What is the remainder when 20/(-40)*(-5)/((-10)/(-52)) is divided by a?
5
Let r = -103986 - -103992. Suppose 135 - 10 = k. Calculate the remainder when k is divided by r.
5
Let s(f) = 15*f - 368. Suppose -w = -31 + 2. Calculate the remainder when s(32) is divided by w.
25
Let x be (-4)/14 + (-27804)/98 - 3. Let w = 299 + x. What is the remainder when w is divided by 4?
0
Let b be 22701/105 + (-2)/10. Let h = 318 - b. Let y = -65 + h. Calculate the remainder when 70 is divided by y.
33
Suppose 18 - 2039 = -47*y. What is the remainder when 3/(36/8)*(-834)/(-4) is divided by y?
10
Calculate the remainder when (-15741)/(-36) + 1 - 3/12 is divided by 40.
38
Suppose -2*k = -4*t - 62, 5*t + 93 + 82 = 5*k. Calculate the remainder when 2629 is divided by k.
16
Let g = 124 - 97. Let c(h) = h**2 - 11*h + 8. Let b be c(10). Let k(z) = 10*z**2 + 13*z + 2. What is the remainder when g is divided by k(b)?
11
Let s(n) = n**2 - 3*n - 33. Let z be 3/(-12)*-18*2. Let u(y) = -y**3 + 10*y**2 - 4*y + 1. What is the remainder when u(z) is divided by s(-5)?
4
Let v(z) = -13*z + 269. What is the remainder when v(-6) is divided by 44?
39
Calculate the remainder when 43 is divided by (-6)/(-8) + 408/(-32) + 14.
1
Let r(c) = -20*c + 151. Let n be